ivided by 15?
8
What is the remainder when 875 is divided by 263?
86
What is the remainder when 233 is divided by 227?
6
Calculate the remainder when 615 is divided by 123.
0
What is the remainder when 894 is divided by 396?
102
What is the remainder when 435 is divided by 137?
24
What is the remainder when 1539 is divided by 14?
13
What is the remainder when 296 is divided by 37?
0
What is the remainder when 63 is divided by 22?
19
Calculate the remainder when 9857 is divided by 68.
65
What is the remainder when 76 is divided by 12?
4
Calculate the remainder when 306 is divided by 29.
16
Calculate the remainder when 101 is divided by 52.
49
Calculate the remainder when 829 is divided by 11.
4
What is the remainder when 2980 is divided by 175?
5
What is the remainder when 724 is divided by 432?
292
Calculate the remainder when 582 is divided by 521.
61
What is the remainder when 763 is divided by 17?
15
Calculate the remainder when 239 is divided by 28.
15
What is the remainder when 1665 is divided by 119?
118
Calculate the remainder when 356 is divided by 17.
16
Calculate the remainder when 1941 is divided by 54.
51
Calculate the remainder when 37 is divided by 16.
5
Calculate the remainder when 3233 is divided by 33.
32
What is the remainder when 1966 is divided by 123?
121
What is the remainder when 455 is divided by 152?
151
What is the remainder when 297 is divided by 26?
11
What is the remainder when 4111 is divided by 1369?
4
Calculate the remainder when 3692 is divided by 154.
150
Calculate the remainder when 1227 is divided by 1203.
24
What is the remainder when 1076 is divided by 31?
22
What is the remainder when 459 is divided by 162?
135
What is the remainder when 31 is divided by 30?
1
Calculate the remainder when 377 is divided by 19.
16
Calculate the remainder when 549 is divided by 55.
54
What is the remainder when 507 is divided by 49?
17
Calculate the remainder when 266 is divided by 23.
13
What is the remainder when 61 is divided by 48?
13
What is the remainder when 125 is divided by 121?
4
Calculate the remainder when 88 is divided by 7.
4
What is the remainder when 311 is divided by 39?
38
Calculate the remainder when 4486 is divided by 44.
42
Calculate the remainder when 175 is divided by 26.
19
Calculate the remainder when 271 is divided by 147.
124
Calculate the remainder when 1803 is divided by 95.
93
Calculate the remainder when 293 is divided by 161.
132
What is the remainder when 152 is divided by 11?
9
What is the remainder when 181 is divided by 134?
47
What is the remainder when 241 is divided by 119?
3
What is the remainder when 321 is divided by 74?
25
Calculate the remainder when 663 is divided by 166.
165
Calculate the remainder when 70 is divided by 30.
10
What is the remainder when 244 is divided by 14?
6
What is the remainder when 156 is divided by 37?
8
What is the remainder when 245 is divided by 64?
53
Calculate the remainder when 2781 is divided by 86.
29
What is the remainder when 13 is divided by 3?
1
What is the remainder when 355 is divided by 21?
19
Calculate the remainder when 72 is divided by 4.
0
What is the remainder when 12351 is divided by 35?
31
Calculate the remainder when 5777 is divided by 27.
26
What is the remainder when 11 is divided by 9?
2
Calculate the remainder when 52824 is divided by 61.
59
What is the remainder when 586 is divided by 12?
10
Calculate the remainder when 462 is divided by 150.
12
Calculate the remainder when 172 is divided by 122.
50
What is the remainder when 53 is divided by 1?
0
What is the remainder when 215 is divided by 179?
36
Calculate the remainder when 137 is divided by 21.
11
Calculate the remainder when 46 is divided by 12.
10
Calculate the remainder when 428 is divided by 86.
84
Calculate the remainder when 921 is divided by 21.
18
What is the remainder when 294 is divided by 126?
42
What is the remainder when 386 is divided by 27?
8
Calculate the remainder when 164 is divided by 147.
17
What is the remainder when 2291 is divided by 40?
11
What is the remainder when 681 is divided by 675?
6
What is the remainder when 234 is divided by 54?
18
What is the remainder when 5194 is divided by 80?
74
What is the remainder when 259 is divided by 33?
28
Calculate the remainder when 269 is divided by 16.
13
What is the remainder when 184 is divided by 31?
29
Calculate the remainder when 351 is divided by 174.
3
What is the remainder when 728 is divided by 9?
8
What is the remainder when 365 is divided by 46?
43
Calculate the remainder when 509 is divided by 126.
5
Calculate the remainder when 3919 is divided by 10.
9
Calculate the remainder when 33 is divided by 17.
16
What is the remainder when 6847 is divided by 10?
7
Calculate the remainder when 203 is divided by 41.
39
What is the remainder when 454 is divided by 175?
104
What is the remainder when 4238 is divided by 20?
18
What is the remainder when 253 is divided by 35?
8
What is the remainder when 606 is divided by 123?
114
Calculate the remainder when 57 is divided by 13.
5
Calculate the remainder when 387 is divided by 39.
36
What is the remainder when 1493 is divided by 100?
93
What is the remainder when 364 is divided by 80?
44
What is the remainder when 602 is divided by 37?
10
What is the remainder when 246 is divided by 38?
18
Calculate the remainder when 309 is divided by 24.
21
What is the remainder when 817 is divided by 39?
37
What is the remainder when 297 is divided by 60?
57
Calculate the remainder when 18 is divided by 6.
0
Calculate the remainder when 200 is divided by 34.
30
Calculate the remainder when 3017 is divided by 20.
17
Calculate the remainder when 14222 is divided by 8.
6
Calculate the remainder when 377 is divided by 95.
92
Calculate the remainder when 269 is divided by 27.
26
Calculate the remainder when 58 is divided by 14.
2
What is the remainder when 425 is divided by 79?
30
Calculate the remainder when 2374 is divided by 36.
34
What is the remainder when 201 is divided by 25?
1
Calculate the remainder when 10798 is divided by 25.
23
What is the remainder when 123 is divided by 29?
7
What is the remainder when 1921 is divided by 80?
1
What is the remainder when 44 is divided by 19?
6
Calculate the remainder when 120 is divided by 37.
9
Calculate the remainder when 450 is divided by 3.
0
What is the remainder when 1077 is divided by 40?
37
What is the remainder when 71 is divided by 3?
2
Calculate the remainder when 11078 is divided by 20.
18
What is the remainder when 158 is divided by 109?
49
Calculate the remainder when 494 is divided by 114.
38
Calculate the remainder when 102 is divided by 6.
0
What is the remainder when 70 is divided by 31?
8
Calculate the remainder when 285 is divided by 56.
5
What is the remainder when 179 is divided by 24?
11
Calculate the remainder when 1235 is divided by 62.
57
What is the remainder when 165 is divided by 66?
33
What is the remainder when 189 is divided by 24?
21
Calculate the remainder when 2726 is divided by 30.
26
What is the remainder when 435 is divided by 44?
39
Calculate the remainder when 6210 is divided by 19.
16
Calculate the remainder when 138 is divided by 87.
51
What is the remainder when 34 is divided by 7?
6
Calculate the remainder when 200 is divided by 106.
94
Calculate the remainder when 189 is divided by 15.
9
Calculate the remainder when 17926 is divided by 211.
202
Calculate the remainder when 113 is divided by 67.
46
Calculate the remainder when 17047 is divided by 5679.
10
What is the remainder when 303 is divided by 31?
24
What is the remainder when 67 is divided by 14?
11
What is the remainder when 618 is divided by 34?
6
What is the remainder when 458 is divided by 208?
42
Calculate the remainder when 852 is divided by 66.
60
What is the remainder when 400 is divided by 131?
7
Calculate the remainder when 1025 is divided by 261.
242
What is the remainder when 220 is divided by 59?
43
What is the remainder when 883 is divided by 166?
53
Calculate the remainder when 504 is divided by 22.
20
Calculate the remainder when 24 is divided by 12.
0
Calculate the remainder when 178 is divided by 8.
2
What is the remainder when 60 is divided by 32?
28
Calculate the remainder when 654 is divided by 131.
130
Ca